{"id":47,"date":"2022-12-29T10:59:32","date_gmt":"2022-12-29T09:59:32","guid":{"rendered":"https:\/\/gruene-zug.ch\/unteraegeri\/?page_id=47"},"modified":"2024-07-24T15:41:19","modified_gmt":"2024-07-24T13:41:19","slug":"kontakt","status":"publish","type":"page","link":"https:\/\/gruene-zug.ch\/unteraegeri\/startseite\/kontakt","title":{"rendered":"Kontakt"},"content":{"rendered":"","protected":false},"excerpt":{"rendered":"","protected":false},"author":4,"featured_media":0,"parent":20,"menu_order":0,"comment_status":"closed","ping_status":"closed","template":"","meta":{"_acf_changed":false,"inline_featured_image":false,"footnotes":""},"class_list":["post-47","page","type-page","status-publish","hentry"],"acf":[],"yoast_head":"<!-- This site is optimized with the Yoast SEO plugin v26.9 - https:\/\/yoast.com\/product\/yoast-seo-wordpress\/ -->\n<title>Kontakt - Die Alternative - Gr\u00fcne Unter\u00e4geri<\/title>\n<meta name=\"description\" content=\"Als Mitglied bei den Alterativen \u2013 die Gr\u00fcnen Unter\u00e4geri kannst du dich aktiv einbringen. Denn du willst dich lokal engagieren und das Zusammenleben in Unter\u00e4geri mitgestalten.\" \/>\n<meta name=\"robots\" content=\"index, follow, max-snippet:-1, max-image-preview:large, max-video-preview:-1\" \/>\n<link rel=\"canonical\" href=\"https:\/\/gruene-zug.ch\/unteraegeri\/startseite\/kontakt\" \/>\n<meta property=\"og:locale\" content=\"de_DE\" \/>\n<meta property=\"og:type\" content=\"article\" \/>\n<meta property=\"og:title\" content=\"Kontakt - Die Alternative - Gr\u00fcne Unter\u00e4geri\" \/>\n<meta property=\"og:description\" content=\"Als Mitglied bei den Alterativen \u2013 die Gr\u00fcnen Unter\u00e4geri kannst du dich aktiv einbringen. Denn du willst dich lokal engagieren und das \u2026\" \/>\n<meta property=\"og:url\" content=\"https:\/\/gruene-zug.ch\/unteraegeri\/startseite\/kontakt\" \/>\n<meta property=\"og:site_name\" content=\"Die Alternative - Gr\u00fcne Unter\u00e4geri\" \/>\n<meta property=\"article:publisher\" content=\"https:\/\/www.facebook.com\/AlternativeZug\" \/>\n<meta property=\"article:modified_time\" content=\"2024-07-24T13:41:19+00:00\" \/>\n<meta name=\"twitter:card\" content=\"summary_large_image\" \/>\n<meta name=\"twitter:site\" content=\"@AlternativeZG\" \/>\n<meta name=\"twitter:label1\" content=\"Gesch\u00e4tzte Lesezeit\" \/>\n\t<meta name=\"twitter:data1\" content=\"1\u00a0Minute\" \/>\n<script type=\"application\/ld+json\" class=\"yoast-schema-graph\">{\"@context\":\"https:\/\/schema.org\",\"@graph\":[{\"@type\":\"WebPage\",\"@id\":\"https:\/\/gruene-zug.ch\/unteraegeri\/startseite\/kontakt\",\"url\":\"https:\/\/gruene-zug.ch\/unteraegeri\/startseite\/kontakt\",\"name\":\"Kontakt - Die Alternative - Gr\u00fcne Unter\u00e4geri\",\"isPartOf\":{\"@id\":\"https:\/\/gruene-zug.ch\/unteraegeri\/#website\"},\"datePublished\":\"2022-12-29T09:59:32+00:00\",\"dateModified\":\"2024-07-24T13:41:19+00:00\",\"description\":\"Als Mitglied bei den Alterativen \u2013 die Gr\u00fcnen Unter\u00e4geri kannst du dich aktiv einbringen. Denn du willst dich lokal engagieren und das Zusammenleben in Unter\u00e4geri mitgestalten.\",\"breadcrumb\":{\"@id\":\"https:\/\/gruene-zug.ch\/unteraegeri\/startseite\/kontakt#breadcrumb\"},\"inLanguage\":\"de\",\"potentialAction\":[{\"@type\":\"ReadAction\",\"target\":[\"https:\/\/gruene-zug.ch\/unteraegeri\/startseite\/kontakt\"]}]},{\"@type\":\"BreadcrumbList\",\"@id\":\"https:\/\/gruene-zug.ch\/unteraegeri\/startseite\/kontakt#breadcrumb\",\"itemListElement\":[{\"@type\":\"ListItem\",\"position\":1,\"name\":\"Startseite\",\"item\":\"https:\/\/gruene-zug.ch\/unteraegeri\/\"},{\"@type\":\"ListItem\",\"position\":2,\"name\":\"Willkommen\",\"item\":\"https:\/\/gruene-zug.ch\/unteraegeri\/\"},{\"@type\":\"ListItem\",\"position\":3,\"name\":\"Kontakt\"}]},{\"@type\":\"WebSite\",\"@id\":\"https:\/\/gruene-zug.ch\/unteraegeri\/#website\",\"url\":\"https:\/\/gruene-zug.ch\/unteraegeri\/\",\"name\":\"Die Alternative - Gr\u00fcne Unter\u00e4geri\",\"description\":\"Die Alternative \u2013 Gr\u00fcne Unter\u00e4geri\",\"publisher\":{\"@id\":\"https:\/\/gruene-zug.ch\/unteraegeri\/#organization\"},\"potentialAction\":[{\"@type\":\"SearchAction\",\"target\":{\"@type\":\"EntryPoint\",\"urlTemplate\":\"https:\/\/gruene-zug.ch\/unteraegeri\/?s={search_term_string}\"},\"query-input\":{\"@type\":\"PropertyValueSpecification\",\"valueRequired\":true,\"valueName\":\"search_term_string\"}}],\"inLanguage\":\"de\"},{\"@type\":\"Organization\",\"@id\":\"https:\/\/gruene-zug.ch\/unteraegeri\/#organization\",\"name\":\"Die Alternative - Gr\u00fcne Unter\u00e4geri\",\"url\":\"https:\/\/gruene-zug.ch\/unteraegeri\/\",\"logo\":{\"@type\":\"ImageObject\",\"inLanguage\":\"de\",\"@id\":\"https:\/\/gruene-zug.ch\/unteraegeri\/#\/schema\/logo\/image\/\",\"url\":\"https:\/\/gruene-zug.ch\/unteraegeri\/wp-content\/uploads\/sites\/11\/2022\/11\/alternative-dark.svg\",\"contentUrl\":\"https:\/\/gruene-zug.ch\/unteraegeri\/wp-content\/uploads\/sites\/11\/2022\/11\/alternative-dark.svg\",\"width\":1200,\"height\":320,\"caption\":\"Die Alternative - Gr\u00fcne Unter\u00e4geri\"},\"image\":{\"@id\":\"https:\/\/gruene-zug.ch\/unteraegeri\/#\/schema\/logo\/image\/\"},\"sameAs\":[\"https:\/\/www.facebook.com\/AlternativeZug\",\"https:\/\/x.com\/AlternativeZG\"]}]}<\/script>\n<!-- \/ Yoast SEO plugin. -->","yoast_head_json":{"title":"Kontakt - Die Alternative - Gr\u00fcne Unter\u00e4geri","description":"Als Mitglied bei den Alterativen \u2013 die Gr\u00fcnen Unter\u00e4geri kannst du dich aktiv einbringen. Denn du willst dich lokal engagieren und das Zusammenleben in Unter\u00e4geri mitgestalten.","robots":{"index":"index","follow":"follow","max-snippet":"max-snippet:-1","max-image-preview":"max-image-preview:large","max-video-preview":"max-video-preview:-1"},"canonical":"https:\/\/gruene-zug.ch\/unteraegeri\/startseite\/kontakt","og_locale":"de_DE","og_type":"article","og_title":"Kontakt - Die Alternative - Gr\u00fcne Unter\u00e4geri","og_description":"Als Mitglied bei den Alterativen \u2013 die Gr\u00fcnen Unter\u00e4geri kannst du dich aktiv einbringen. Denn du willst dich lokal engagieren und das \u2026","og_url":"https:\/\/gruene-zug.ch\/unteraegeri\/startseite\/kontakt","og_site_name":"Die Alternative - Gr\u00fcne Unter\u00e4geri","article_publisher":"https:\/\/www.facebook.com\/AlternativeZug","article_modified_time":"2024-07-24T13:41:19+00:00","twitter_card":"summary_large_image","twitter_site":"@AlternativeZG","twitter_misc":{"Gesch\u00e4tzte Lesezeit":"1\u00a0Minute"},"schema":{"@context":"https:\/\/schema.org","@graph":[{"@type":"WebPage","@id":"https:\/\/gruene-zug.ch\/unteraegeri\/startseite\/kontakt","url":"https:\/\/gruene-zug.ch\/unteraegeri\/startseite\/kontakt","name":"Kontakt - Die Alternative - Gr\u00fcne Unter\u00e4geri","isPartOf":{"@id":"https:\/\/gruene-zug.ch\/unteraegeri\/#website"},"datePublished":"2022-12-29T09:59:32+00:00","dateModified":"2024-07-24T13:41:19+00:00","description":"Als Mitglied bei den Alterativen \u2013 die Gr\u00fcnen Unter\u00e4geri kannst du dich aktiv einbringen. Denn du willst dich lokal engagieren und das Zusammenleben in Unter\u00e4geri mitgestalten.","breadcrumb":{"@id":"https:\/\/gruene-zug.ch\/unteraegeri\/startseite\/kontakt#breadcrumb"},"inLanguage":"de","potentialAction":[{"@type":"ReadAction","target":["https:\/\/gruene-zug.ch\/unteraegeri\/startseite\/kontakt"]}]},{"@type":"BreadcrumbList","@id":"https:\/\/gruene-zug.ch\/unteraegeri\/startseite\/kontakt#breadcrumb","itemListElement":[{"@type":"ListItem","position":1,"name":"Startseite","item":"https:\/\/gruene-zug.ch\/unteraegeri\/"},{"@type":"ListItem","position":2,"name":"Willkommen","item":"https:\/\/gruene-zug.ch\/unteraegeri\/"},{"@type":"ListItem","position":3,"name":"Kontakt"}]},{"@type":"WebSite","@id":"https:\/\/gruene-zug.ch\/unteraegeri\/#website","url":"https:\/\/gruene-zug.ch\/unteraegeri\/","name":"Die Alternative - Gr\u00fcne Unter\u00e4geri","description":"Die Alternative \u2013 Gr\u00fcne Unter\u00e4geri","publisher":{"@id":"https:\/\/gruene-zug.ch\/unteraegeri\/#organization"},"potentialAction":[{"@type":"SearchAction","target":{"@type":"EntryPoint","urlTemplate":"https:\/\/gruene-zug.ch\/unteraegeri\/?s={search_term_string}"},"query-input":{"@type":"PropertyValueSpecification","valueRequired":true,"valueName":"search_term_string"}}],"inLanguage":"de"},{"@type":"Organization","@id":"https:\/\/gruene-zug.ch\/unteraegeri\/#organization","name":"Die Alternative - Gr\u00fcne Unter\u00e4geri","url":"https:\/\/gruene-zug.ch\/unteraegeri\/","logo":{"@type":"ImageObject","inLanguage":"de","@id":"https:\/\/gruene-zug.ch\/unteraegeri\/#\/schema\/logo\/image\/","url":"https:\/\/gruene-zug.ch\/unteraegeri\/wp-content\/uploads\/sites\/11\/2022\/11\/alternative-dark.svg","contentUrl":"https:\/\/gruene-zug.ch\/unteraegeri\/wp-content\/uploads\/sites\/11\/2022\/11\/alternative-dark.svg","width":1200,"height":320,"caption":"Die Alternative - Gr\u00fcne Unter\u00e4geri"},"image":{"@id":"https:\/\/gruene-zug.ch\/unteraegeri\/#\/schema\/logo\/image\/"},"sameAs":["https:\/\/www.facebook.com\/AlternativeZug","https:\/\/x.com\/AlternativeZG"]}]}},"_links":{"self":[{"href":"https:\/\/gruene-zug.ch\/unteraegeri\/wp-json\/wp\/v2\/pages\/47","targetHints":{"allow":["GET"]}}],"collection":[{"href":"https:\/\/gruene-zug.ch\/unteraegeri\/wp-json\/wp\/v2\/pages"}],"about":[{"href":"https:\/\/gruene-zug.ch\/unteraegeri\/wp-json\/wp\/v2\/types\/page"}],"author":[{"embeddable":true,"href":"https:\/\/gruene-zug.ch\/unteraegeri\/wp-json\/wp\/v2\/users\/4"}],"replies":[{"embeddable":true,"href":"https:\/\/gruene-zug.ch\/unteraegeri\/wp-json\/wp\/v2\/comments?post=47"}],"version-history":[{"count":56,"href":"https:\/\/gruene-zug.ch\/unteraegeri\/wp-json\/wp\/v2\/pages\/47\/revisions"}],"predecessor-version":[{"id":524,"href":"https:\/\/gruene-zug.ch\/unteraegeri\/wp-json\/wp\/v2\/pages\/47\/revisions\/524"}],"up":[{"embeddable":true,"href":"https:\/\/gruene-zug.ch\/unteraegeri\/wp-json\/wp\/v2\/pages\/20"}],"wp:attachment":[{"href":"https:\/\/gruene-zug.ch\/unteraegeri\/wp-json\/wp\/v2\/media?parent=47"}],"curies":[{"name":"wp","href":"https:\/\/api.w.org\/{rel}","templated":true}]}}

<!-- This site is optimized with the Yoast SEO plugin v26.9 - https://yoast.com/product/yoast-seo-wordpress/ -->
<title>Kontakt - Die Alternative - Grüne Unterägeri</title>
<meta name="description" content="Als Mitglied bei den Alterativen – die Grünen Unterägeri kannst du dich aktiv einbringen. Denn du willst dich lokal engagieren und das Zusammenleben in Unterägeri mitgestalten." />
<meta name="robots" content="index, follow, max-snippet:-1, max-image-preview:large, max-video-preview:-1" />
<link rel="canonical" href="https://gruene-zug.ch/unteraegeri/startseite/kontakt" />
<meta property="og:locale" content="de_DE" />
<meta property="og:type" content="article" />
<meta property="og:title" content="Kontakt - Die Alternative - Grüne Unterägeri" />
<meta property="og:description" content="Als Mitglied bei den Alterativen – die Grünen Unterägeri kannst du dich aktiv einbringen. Denn du willst dich lokal engagieren und das …" />
<meta property="og:url" content="https://gruene-zug.ch/unteraegeri/startseite/kontakt" />
<meta property="og:site_name" content="Die Alternative - Grüne Unterägeri" />
<meta property="article:publisher" content="https://www.facebook.com/AlternativeZug" />
<meta property="article:modified_time" content="2024-07-24T13:41:19+00:00" />
<meta name="twitter:card" content="summary_large_image" />
<meta name="twitter:site" content="@AlternativeZG" />
<meta name="twitter:label1" content="Geschätzte Lesezeit" />
	<meta name="twitter:data1" content="1 Minute" />
<script type="application/ld+json" class="yoast-schema-graph">{"@context":"https://schema.org","@graph":[{"@type":"WebPage","@id":"https://gruene-zug.ch/unteraegeri/startseite/kontakt","url":"https://gruene-zug.ch/unteraegeri/startseite/kontakt","name":"Kontakt - Die Alternative - Grüne Unterägeri","isPartOf":{"@id":"https://gruene-zug.ch/unteraegeri/#website"},"datePublished":"2022-12-29T09:59:32+00:00","dateModified":"2024-07-24T13:41:19+00:00","description":"Als Mitglied bei den Alterativen – die Grünen Unterägeri kannst du dich aktiv einbringen. Denn du willst dich lokal engagieren und das Zusammenleben in Unterägeri mitgestalten.","breadcrumb":{"@id":"https://gruene-zug.ch/unteraegeri/startseite/kontakt#breadcrumb"},"inLanguage":"de","potentialAction":[{"@type":"ReadAction","target":["https://gruene-zug.ch/unteraegeri/startseite/kontakt"]}]},{"@type":"BreadcrumbList","@id":"https://gruene-zug.ch/unteraegeri/startseite/kontakt#breadcrumb","itemListElement":[{"@type":"ListItem","position":1,"name":"Startseite","item":"https://gruene-zug.ch/unteraegeri/"},{"@type":"ListItem","position":2,"name":"Willkommen","item":"https://gruene-zug.ch/unteraegeri/"},{"@type":"ListItem","position":3,"name":"Kontakt"}]},{"@type":"WebSite","@id":"https://gruene-zug.ch/unteraegeri/#website","url":"https://gruene-zug.ch/unteraegeri/","name":"Die Alternative - Grüne Unterägeri","description":"Die Alternative – Grüne Unterägeri","publisher":{"@id":"https://gruene-zug.ch/unteraegeri/#organization"},"potentialAction":[{"@type":"SearchAction","target":{"@type":"EntryPoint","urlTemplate":"https://gruene-zug.ch/unteraegeri/?s={search_term_string}"},"query-input":{"@type":"PropertyValueSpecification","valueRequired":true,"valueName":"search_term_string"}}],"inLanguage":"de"},{"@type":"Organization","@id":"https://gruene-zug.ch/unteraegeri/#organization","name":"Die Alternative - Grüne Unterägeri","url":"https://gruene-zug.ch/unteraegeri/","logo":{"@type":"ImageObject","inLanguage":"de","@id":"https://gruene-zug.ch/unteraegeri/#/schema/logo/image/","url":"https://gruene-zug.ch/unteraegeri/wp-content/uploads/sites/11/2022/11/alternative-dark.svg","contentUrl":"https://gruene-zug.ch/unteraegeri/wp-content/uploads/sites/11/2022/11/alternative-dark.svg","width":1200,"height":320,"caption":"Die Alternative - Grüne Unterägeri"},"image":{"@id":"https://gruene-zug.ch/unteraegeri/#/schema/logo/image/"},"sameAs":["https://www.facebook.com/AlternativeZug","https://x.com/AlternativeZG"]}]}</script>
<!-- / Yoast SEO plugin. -->

Kontakt - Die Alternative - Grüne Unterägeri

Als Mitglied bei den Alterativen – die Grünen Unterägeri kannst du dich aktiv einbringen. Denn du willst dich lokal engagieren und das Zusammenleben in Unterägeri mitgestalten.

Als Mitglied bei den Alterativen – die Grünen Unterägeri kannst du dich aktiv einbringen. Denn du willst dich lokal engagieren und das …

Die Alternative - Grüne Unterägeri

Die Alternative – Grüne Unterägeri
