{"id":296,"date":"2023-01-01T21:59:33","date_gmt":"2023-01-01T20:59:33","guid":{"rendered":"https:\/\/gruene-zug.ch\/unteraegeri\/?post_type=tribe_events&#038;p=296"},"modified":"2023-01-01T22:00:03","modified_gmt":"2023-01-01T21:00:03","slug":"sessionsrueckblick-fruehling","status":"publish","type":"tribe_events","link":"https:\/\/gruene-zug.ch\/unteraegeri\/event\/sessionsrueckblick-fruehling","title":{"rendered":"Sessionsr\u00fcckblick Fr\u00fchling &#8211; mit NR Manuela Weichelt"},"content":{"rendered":"","protected":false},"excerpt":{"rendered":"<p><strong>21. M\u00e4rz &#8211; Fr\u00fchlings-Sessionsr\u00fcckblick<\/strong><br \/>\nMit Manuela Weichelt &#8211; Nationalr\u00e4tin, ALG.<\/p>\n<p>Weitere Informationen Folgen<\/p>\n","protected":false},"author":4,"featured_media":0,"template":"","meta":{"_acf_changed":false,"inline_featured_image":false,"_tribe_events_status":"","_tribe_events_status_reason":"","footnotes":""},"tags":[],"tribe_events_cat":[10,14],"class_list":["post-296","tribe_events","type-tribe_events","status-publish","hentry","tribe_events_cat-agenda","tribe_events_cat-sessions-rueckblick","cat_agenda","cat_sessions-rueckblick"],"acf":[],"yoast_head":"<!-- This site is optimized with the Yoast SEO plugin v26.9 - https:\/\/yoast.com\/product\/yoast-seo-wordpress\/ -->\n<title>Die Alternative &#8211; Gr\u00fcne Unter\u00e4geri<\/title>\n<meta name=\"robots\" content=\"index, follow, max-snippet:-1, max-image-preview:large, max-video-preview:-1\" \/>\n<link rel=\"canonical\" href=\"https:\/\/gruene-zug.ch\/unteraegeri\/event\/sessionsrueckblick-fruehling\" \/>\n<meta property=\"og:locale\" content=\"de_DE\" \/>\n<meta property=\"og:type\" content=\"article\" \/>\n<meta property=\"og:description\" content=\"21. M\u00e4rz &#8211; Fr\u00fchlings-Sessionsr\u00fcckblick Mit Manuela Weichelt &#8211; Nationalr\u00e4tin, ALG. Weitere Informationen Folgen\" \/>\n<meta property=\"og:url\" content=\"https:\/\/gruene-zug.ch\/unteraegeri\/event\/sessionsrueckblick-fruehling\" \/>\n<meta property=\"og:site_name\" content=\"Die Alternative - Gr\u00fcne Unter\u00e4geri\" \/>\n<meta property=\"article:publisher\" content=\"https:\/\/www.facebook.com\/AlternativeZug\" \/>\n<meta property=\"article:modified_time\" content=\"2023-01-01T21:00:03+00:00\" \/>\n<meta name=\"twitter:card\" content=\"summary_large_image\" \/>\n<meta name=\"twitter:site\" content=\"@AlternativeZG\" \/>\n<script type=\"application\/ld+json\" class=\"yoast-schema-graph\">{\"@context\":\"https:\/\/schema.org\",\"@graph\":[{\"@type\":\"WebPage\",\"@id\":\"https:\/\/gruene-zug.ch\/unteraegeri\/event\/sessionsrueckblick-fruehling\",\"url\":\"https:\/\/gruene-zug.ch\/unteraegeri\/event\/sessionsrueckblick-fruehling\",\"name\":\"\",\"isPartOf\":{\"@id\":\"https:\/\/gruene-zug.ch\/unteraegeri\/#website\"},\"datePublished\":\"2023-01-01T20:59:33+00:00\",\"dateModified\":\"2023-01-01T21:00:03+00:00\",\"breadcrumb\":{\"@id\":\"https:\/\/gruene-zug.ch\/unteraegeri\/event\/sessionsrueckblick-fruehling#breadcrumb\"},\"inLanguage\":\"de\",\"potentialAction\":[{\"@type\":\"ReadAction\",\"target\":[\"https:\/\/gruene-zug.ch\/unteraegeri\/event\/sessionsrueckblick-fruehling\"]}]},{\"@type\":\"BreadcrumbList\",\"@id\":\"https:\/\/gruene-zug.ch\/unteraegeri\/event\/sessionsrueckblick-fruehling#breadcrumb\",\"itemListElement\":[{\"@type\":\"ListItem\",\"position\":1,\"name\":\"Startseite\",\"item\":\"https:\/\/gruene-zug.ch\/unteraegeri\/\"},{\"@type\":\"ListItem\",\"position\":2,\"name\":\"Veranstaltungen\",\"item\":\"https:\/\/gruene-zug.ch\/unteraegeri?post_type=tribe_events\"},{\"@type\":\"ListItem\",\"position\":3,\"name\":\"Sessionsr\u00fcckblick Fr\u00fchling &#8211; mit NR Manuela Weichelt\"}]},{\"@type\":\"WebSite\",\"@id\":\"https:\/\/gruene-zug.ch\/unteraegeri\/#website\",\"url\":\"https:\/\/gruene-zug.ch\/unteraegeri\/\",\"name\":\"Die Alternative - Gr\u00fcne Unter\u00e4geri\",\"description\":\"Die Alternative \u2013 Gr\u00fcne Unter\u00e4geri\",\"publisher\":{\"@id\":\"https:\/\/gruene-zug.ch\/unteraegeri\/#organization\"},\"potentialAction\":[{\"@type\":\"SearchAction\",\"target\":{\"@type\":\"EntryPoint\",\"urlTemplate\":\"https:\/\/gruene-zug.ch\/unteraegeri\/?s={search_term_string}\"},\"query-input\":{\"@type\":\"PropertyValueSpecification\",\"valueRequired\":true,\"valueName\":\"search_term_string\"}}],\"inLanguage\":\"de\"},{\"@type\":\"Organization\",\"@id\":\"https:\/\/gruene-zug.ch\/unteraegeri\/#organization\",\"name\":\"Die Alternative - Gr\u00fcne Unter\u00e4geri\",\"url\":\"https:\/\/gruene-zug.ch\/unteraegeri\/\",\"logo\":{\"@type\":\"ImageObject\",\"inLanguage\":\"de\",\"@id\":\"https:\/\/gruene-zug.ch\/unteraegeri\/#\/schema\/logo\/image\/\",\"url\":\"https:\/\/gruene-zug.ch\/unteraegeri\/wp-content\/uploads\/sites\/11\/2022\/11\/alternative-dark.svg\",\"contentUrl\":\"https:\/\/gruene-zug.ch\/unteraegeri\/wp-content\/uploads\/sites\/11\/2022\/11\/alternative-dark.svg\",\"width\":1200,\"height\":320,\"caption\":\"Die Alternative - Gr\u00fcne Unter\u00e4geri\"},\"image\":{\"@id\":\"https:\/\/gruene-zug.ch\/unteraegeri\/#\/schema\/logo\/image\/\"},\"sameAs\":[\"https:\/\/www.facebook.com\/AlternativeZug\",\"https:\/\/x.com\/AlternativeZG\"]}]}<\/script>\n<!-- \/ Yoast SEO plugin. -->","yoast_head_json":{"title":"Die Alternative &#8211; Gr\u00fcne Unter\u00e4geri","robots":{"index":"index","follow":"follow","max-snippet":"max-snippet:-1","max-image-preview":"max-image-preview:large","max-video-preview":"max-video-preview:-1"},"canonical":"https:\/\/gruene-zug.ch\/unteraegeri\/event\/sessionsrueckblick-fruehling","og_locale":"de_DE","og_type":"article","og_description":"21. M\u00e4rz &#8211; Fr\u00fchlings-Sessionsr\u00fcckblick Mit Manuela Weichelt &#8211; Nationalr\u00e4tin, ALG. Weitere Informationen Folgen","og_url":"https:\/\/gruene-zug.ch\/unteraegeri\/event\/sessionsrueckblick-fruehling","og_site_name":"Die Alternative - Gr\u00fcne Unter\u00e4geri","article_publisher":"https:\/\/www.facebook.com\/AlternativeZug","article_modified_time":"2023-01-01T21:00:03+00:00","twitter_card":"summary_large_image","twitter_site":"@AlternativeZG","schema":{"@context":"https:\/\/schema.org","@graph":[{"@type":"WebPage","@id":"https:\/\/gruene-zug.ch\/unteraegeri\/event\/sessionsrueckblick-fruehling","url":"https:\/\/gruene-zug.ch\/unteraegeri\/event\/sessionsrueckblick-fruehling","name":"","isPartOf":{"@id":"https:\/\/gruene-zug.ch\/unteraegeri\/#website"},"datePublished":"2023-01-01T20:59:33+00:00","dateModified":"2023-01-01T21:00:03+00:00","breadcrumb":{"@id":"https:\/\/gruene-zug.ch\/unteraegeri\/event\/sessionsrueckblick-fruehling#breadcrumb"},"inLanguage":"de","potentialAction":[{"@type":"ReadAction","target":["https:\/\/gruene-zug.ch\/unteraegeri\/event\/sessionsrueckblick-fruehling"]}]},{"@type":"BreadcrumbList","@id":"https:\/\/gruene-zug.ch\/unteraegeri\/event\/sessionsrueckblick-fruehling#breadcrumb","itemListElement":[{"@type":"ListItem","position":1,"name":"Startseite","item":"https:\/\/gruene-zug.ch\/unteraegeri\/"},{"@type":"ListItem","position":2,"name":"Veranstaltungen","item":"https:\/\/gruene-zug.ch\/unteraegeri?post_type=tribe_events"},{"@type":"ListItem","position":3,"name":"Sessionsr\u00fcckblick Fr\u00fchling &#8211; mit NR Manuela Weichelt"}]},{"@type":"WebSite","@id":"https:\/\/gruene-zug.ch\/unteraegeri\/#website","url":"https:\/\/gruene-zug.ch\/unteraegeri\/","name":"Die Alternative - Gr\u00fcne Unter\u00e4geri","description":"Die Alternative \u2013 Gr\u00fcne Unter\u00e4geri","publisher":{"@id":"https:\/\/gruene-zug.ch\/unteraegeri\/#organization"},"potentialAction":[{"@type":"SearchAction","target":{"@type":"EntryPoint","urlTemplate":"https:\/\/gruene-zug.ch\/unteraegeri\/?s={search_term_string}"},"query-input":{"@type":"PropertyValueSpecification","valueRequired":true,"valueName":"search_term_string"}}],"inLanguage":"de"},{"@type":"Organization","@id":"https:\/\/gruene-zug.ch\/unteraegeri\/#organization","name":"Die Alternative - Gr\u00fcne Unter\u00e4geri","url":"https:\/\/gruene-zug.ch\/unteraegeri\/","logo":{"@type":"ImageObject","inLanguage":"de","@id":"https:\/\/gruene-zug.ch\/unteraegeri\/#\/schema\/logo\/image\/","url":"https:\/\/gruene-zug.ch\/unteraegeri\/wp-content\/uploads\/sites\/11\/2022\/11\/alternative-dark.svg","contentUrl":"https:\/\/gruene-zug.ch\/unteraegeri\/wp-content\/uploads\/sites\/11\/2022\/11\/alternative-dark.svg","width":1200,"height":320,"caption":"Die Alternative - Gr\u00fcne Unter\u00e4geri"},"image":{"@id":"https:\/\/gruene-zug.ch\/unteraegeri\/#\/schema\/logo\/image\/"},"sameAs":["https:\/\/www.facebook.com\/AlternativeZug","https:\/\/x.com\/AlternativeZG"]}]}},"_links":{"self":[{"href":"https:\/\/gruene-zug.ch\/unteraegeri\/wp-json\/wp\/v2\/tribe_events\/296","targetHints":{"allow":["GET"]}}],"collection":[{"href":"https:\/\/gruene-zug.ch\/unteraegeri\/wp-json\/wp\/v2\/tribe_events"}],"about":[{"href":"https:\/\/gruene-zug.ch\/unteraegeri\/wp-json\/wp\/v2\/types\/tribe_events"}],"author":[{"embeddable":true,"href":"https:\/\/gruene-zug.ch\/unteraegeri\/wp-json\/wp\/v2\/users\/4"}],"version-history":[{"count":2,"href":"https:\/\/gruene-zug.ch\/unteraegeri\/wp-json\/wp\/v2\/tribe_events\/296\/revisions"}],"predecessor-version":[{"id":299,"href":"https:\/\/gruene-zug.ch\/unteraegeri\/wp-json\/wp\/v2\/tribe_events\/296\/revisions\/299"}],"wp:attachment":[{"href":"https:\/\/gruene-zug.ch\/unteraegeri\/wp-json\/wp\/v2\/media?parent=296"}],"wp:term":[{"taxonomy":"post_tag","embeddable":true,"href":"https:\/\/gruene-zug.ch\/unteraegeri\/wp-json\/wp\/v2\/tags?post=296"},{"taxonomy":"tribe_events_cat","embeddable":true,"href":"https:\/\/gruene-zug.ch\/unteraegeri\/wp-json\/wp\/v2\/tribe_events_cat?post=296"}],"curies":[{"name":"wp","href":"https:\/\/api.w.org\/{rel}","templated":true}]}}

Sessionsrückblick Frühling &#8211; mit NR Manuela Weichelt

<p><strong>21. März &#8211; Frühlings-Sessionsrückblick</strong><br />
Mit Manuela Weichelt &#8211; Nationalrätin, ALG.</p>
<p>Weitere Informationen Folgen</p>

<!-- This site is optimized with the Yoast SEO plugin v26.9 - https://yoast.com/product/yoast-seo-wordpress/ -->
<title>Die Alternative &#8211; Grüne Unterägeri</title>
<meta name="robots" content="index, follow, max-snippet:-1, max-image-preview:large, max-video-preview:-1" />
<link rel="canonical" href="https://gruene-zug.ch/unteraegeri/event/sessionsrueckblick-fruehling" />
<meta property="og:locale" content="de_DE" />
<meta property="og:type" content="article" />
<meta property="og:description" content="21. März &#8211; Frühlings-Sessionsrückblick Mit Manuela Weichelt &#8211; Nationalrätin, ALG. Weitere Informationen Folgen" />
<meta property="og:url" content="https://gruene-zug.ch/unteraegeri/event/sessionsrueckblick-fruehling" />
<meta property="og:site_name" content="Die Alternative - Grüne Unterägeri" />
<meta property="article:publisher" content="https://www.facebook.com/AlternativeZug" />
<meta property="article:modified_time" content="2023-01-01T21:00:03+00:00" />
<meta name="twitter:card" content="summary_large_image" />
<meta name="twitter:site" content="@AlternativeZG" />
<script type="application/ld+json" class="yoast-schema-graph">{"@context":"https://schema.org","@graph":[{"@type":"WebPage","@id":"https://gruene-zug.ch/unteraegeri/event/sessionsrueckblick-fruehling","url":"https://gruene-zug.ch/unteraegeri/event/sessionsrueckblick-fruehling","name":"","isPartOf":{"@id":"https://gruene-zug.ch/unteraegeri/#website"},"datePublished":"2023-01-01T20:59:33+00:00","dateModified":"2023-01-01T21:00:03+00:00","breadcrumb":{"@id":"https://gruene-zug.ch/unteraegeri/event/sessionsrueckblick-fruehling#breadcrumb"},"inLanguage":"de","potentialAction":[{"@type":"ReadAction","target":["https://gruene-zug.ch/unteraegeri/event/sessionsrueckblick-fruehling"]}]},{"@type":"BreadcrumbList","@id":"https://gruene-zug.ch/unteraegeri/event/sessionsrueckblick-fruehling#breadcrumb","itemListElement":[{"@type":"ListItem","position":1,"name":"Startseite","item":"https://gruene-zug.ch/unteraegeri/"},{"@type":"ListItem","position":2,"name":"Veranstaltungen","item":"https://gruene-zug.ch/unteraegeri?post_type=tribe_events"},{"@type":"ListItem","position":3,"name":"Sessionsrückblick Frühling &#8211; mit NR Manuela Weichelt"}]},{"@type":"WebSite","@id":"https://gruene-zug.ch/unteraegeri/#website","url":"https://gruene-zug.ch/unteraegeri/","name":"Die Alternative - Grüne Unterägeri","description":"Die Alternative – Grüne Unterägeri","publisher":{"@id":"https://gruene-zug.ch/unteraegeri/#organization"},"potentialAction":[{"@type":"SearchAction","target":{"@type":"EntryPoint","urlTemplate":"https://gruene-zug.ch/unteraegeri/?s={search_term_string}"},"query-input":{"@type":"PropertyValueSpecification","valueRequired":true,"valueName":"search_term_string"}}],"inLanguage":"de"},{"@type":"Organization","@id":"https://gruene-zug.ch/unteraegeri/#organization","name":"Die Alternative - Grüne Unterägeri","url":"https://gruene-zug.ch/unteraegeri/","logo":{"@type":"ImageObject","inLanguage":"de","@id":"https://gruene-zug.ch/unteraegeri/#/schema/logo/image/","url":"https://gruene-zug.ch/unteraegeri/wp-content/uploads/sites/11/2022/11/alternative-dark.svg","contentUrl":"https://gruene-zug.ch/unteraegeri/wp-content/uploads/sites/11/2022/11/alternative-dark.svg","width":1200,"height":320,"caption":"Die Alternative - Grüne Unterägeri"},"image":{"@id":"https://gruene-zug.ch/unteraegeri/#/schema/logo/image/"},"sameAs":["https://www.facebook.com/AlternativeZug","https://x.com/AlternativeZG"]}]}</script>
<!-- / Yoast SEO plugin. -->

Die Alternative &#8211; Grüne Unterägeri

21. März &#8211; Frühlings-Sessionsrückblick Mit Manuela Weichelt &#8211; Nationalrätin, ALG. Weitere Informationen Folgen

Die Alternative - Grüne Unterägeri

Die Alternative – Grüne Unterägeri
